 prime number?
False
Is 28665389 composite?
False
Is 5776301 a prime number?
True
Is 4367091 prime?
False
Is 23305189 composite?
True
Is 1755913 composite?
True
Is 55617923 a prime number?
True
Is 582301 composite?
True
Is 45742117 prime?
True
Is 1049057 prime?
True
Is 670332697 a prime number?
True
Is 18798982 composite?
True
Is 47815931 a prime number?
True
Is 65203 prime?
True
Is 25054877 a prime number?
False
Is 21263579 composite?
False
Is 55973993 a prime number?
True
Is 182380694 a prime number?
False
Is 15680549 prime?
False
Is 91993969 prime?
True
Is 8939407 a prime number?
True
Is 1693841 a composite number?
False
Is 331671563 a composite number?
True
Is 3713537 a composite number?
True
Is 9648271 a prime number?
False
Is 2309681 a prime number?
False
Is 37847 a composite number?
False
Is 88624717 prime?
True
Is 11243147 composite?
True
Is 2030507 a prime number?
False
Is 76455557 prime?
True
Is 1575337 composite?
False
Is 708096635 a composite number?
True
Is 34232183 a composite number?
False
Is 8573077 composite?
False
Is 86722643 a composite number?
True
Is 40396729 a composite number?
True
Is 63874801 prime?
False
Is 8652649 a prime number?
False
Is 19056529 a composite number?
False
Is 82628731 a prime number?
False
Is 15222769 a composite number?
True
Is 19100251 a prime number?
False
Is 701989 a composite number?
True
Is 7516547 a prime number?
True
Is 6522729 prime?
False
Is 158531291 composite?
False
Is 5875501 a composite number?
False
Is 44296865 prime?
False
Is 11734691 prime?
True
Is 101117663 a prime number?
False
Is 16716743 composite?
False
Is 1157051 composite?
True
Is 1812713 a prime number?
False
Is 37852039 a composite number?
False
Is 214109699 composite?
False
Is 10185469 a prime number?
False
Is 1688840689 a prime number?
True
Is 1897705 composite?
True
Is 2911567 prime?
False
Is 85231 a prime number?
False
Is 179203 a composite number?
False
Is 8237617 a prime number?
True
Is 354073 prime?
True
Is 361557467 prime?
False
Is 3707083 prime?
False
Is 234359881 prime?
False
Is 10143781 a composite number?
True
Is 2332607 a composite number?
False
Is 26448782 a prime number?
False
Is 1204909 prime?
False
Is 11601901 a composite number?
False
Is 85543639 a composite number?
True
Is 4482343 prime?
False
Is 192326857 a prime number?
True
Is 37999183 composite?
True
Is 190087423 a composite number?
True
Is 297630667 composite?
True
Is 8436877 composite?
False
Is 16681897 a prime number?
True
Is 545928367 composite?
False
Is 27667909 composite?
False
Is 38842159 composite?
True
Is 1714583 composite?
True
Is 71509441 composite?
False
Is 71805061 a prime number?
True
Is 281656351 composite?
False
Is 249562913 a composite number?
False
Is 572867 prime?
True
Is 208188451 a prime number?
True
Is 51980914 composite?
True
Is 104965841 composite?
False
Is 9978599 a composite number?
False
Is 926726 a prime number?
False
Is 10934941 a prime number?
False
Is 462729757 composite?
True
Is 14488417 a prime number?
True
Is 6014807 a composite number?
False
Is 64533839 a composite number?
False
Is 119437613 prime?
False
Is 203845001 a composite number?
True
Is 10724843 a prime number?
False
Is 48417169 a prime number?
True
Is 612133 a composite number?
False
Is 1818977 composite?
False
Is 3912647 a composite number?
False
Is 712817569 a prime number?
False
Is 50221321 composite?
True
Is 179873861 composite?
True
Is 145431907 composite?
False
Is 1378327 a composite number?
True
Is 24321727 a prime number?
True
Is 37912237 a prime number?
False
Is 18719719 a prime number?
False
Is 266935577 composite?
False
Is 918823 a prime number?
True
Is 1338217 a composite number?
False
Is 240312197 a prime number?
True
Is 997793 a prime number?
True
Is 396137 composite?
True
Is 184265617 a prime number?
False
Is 2203429 prime?
False
Is 15603067 prime?
False
Is 80950643 a prime number?
True
Is 67138041 a composite number?
True
Is 73674917 composite?
False
Is 101491493 a composite number?
False
Is 165234131 prime?
True
Is 3096493 prime?
False
Is 35686401 a composite number?
True
Is 3352627 a composite number?
False
Is 1904407 a composite number?
False
Is 73860617 composite?
False
Is 12072869 composite?
False
Is 1731823 composite?
False
Is 13241339 a composite number?
False
Is 1141717 a composite number?
False
Is 5238671 prime?
True
Is 79239119 composite?
False
Is 131014067 composite?
True
Is 40591079 prime?
False
Is 2686687 prime?
False
Is 4925413 composite?
True
Is 197120699 composite?
False
Is 10787713 composite?
True
Is 169435807 composite?
False
Is 33085169 composite?
True
Is 4667089 a prime number?
False
Is 20441335 a prime number?
False
Is 1198103 a composite number?
False
Is 48961019 composite?
True
Is 12343667 prime?
False
Is 30252467 composite?
True
Is 92128181 composite?
False
Is 758987 a prime number?
True
Is 163109 a composite number?
False
Is 473981 prime?
True
Is 6884831 a composite number?
False
Is 4270069 prime?
True
Is 30499543 a prime number?
True
Is 2835251 a prime number?
False
Is 17546891 a composite number?
True
Is 19829981 a composite number?
False
Is 1890127 composite?
True
Is 781270361 prime?
False
Is 4090565 composite?
True
Is 3105017 prime?
False
Is 1260751 a prime number?
True
Is 2859134 a composite number?
True
Is 52356245 composite?
True
Is 958445 a composite number?
True
Is 4619317 a composite number?
True
Is 837461 a prime number?
True
Is 18015559 composite?
True
Is 46121113 a prime number?
False
Is 4266071 a prime number?
False
Is 33750839 prime?
True
Is 1230437 a prime number?
False
Is 49869254 composite?
True
Is 12561377 a composite number?
True
Is 70545089 a composite number?
False
Is 14642873 prime?
False
Is 62103689 composite?
False
Is 1770217 prime?
True
Is 213725089 prime?
True
Is 1703957 composite?
False
Is 22865909 composite?
True
Is 18769073 composite?
False
Is 1624971 prime?
False
Is 170045921 composite?
False
Is 4071999 a prime number?
False
Is 22795313 prime?
False
Is 677813671 prime?
False
Is 1923629 a prime number?
False
Is 12989287 composite?
False
Is 2252009 composite?
False
Is 4027607 a prime number?
False
Is 6185021 composite?
False
Is 18154363 a prime number?
True
Is 230449 prime?
True
Is 73477739 a composite number?
True
Is 83553 a composite number?
True
Is 694930961 composite?
False
Is 147323713 a prime number?
False
Is 7007801 a prime number?
False
Is 17178341 a prime number?
True
Is 2237843 composite?
True
Is 2720083 a prime number?
False
Is 17587123 prime?
True
Is 3942199 composite?
True
Is 15452727 composite?
True
Is 176693599 prime?
False
Is 750600209 composite?
True
Is 132015263 a prime number?
True
Is 636391427 a prime number?
False
Is 119409061 composite?
False
Is 2166673 a composite number?
False
Is 1589167 a composite number?
True
Is 10753706 composite?
True
Is 7143491 composite?
False
Is 703734137 prime?
True
Is 17768537 prime?
True
Is 2047103 prime?
False
Is 4864981 prime?
False
Is 47251331 prime?
False
Is 32794235 a composite number?
True
Is 4956953 a prime number?
False
Is 1321319 composite?
False
Is 12598049 composite?
False
Is 5651617 a prime number?
True
Is 11990743 a prime number?
True
Is 541649579 a composite number?
False
Is 622681 a prime number?
False
Is 888127 a composite number?
True
Is 223830223 prime?
True
Is 38908151 a composite number?
True
Is 1875254 a prime number?
False
Is 17328763 composite?
True
Is 285586813 composite?
True
Is 1000889 a prime number?
True
Is 186211 a prime number?
True
Is 4493677 a prime number?
False
Is 285109 a composite number?
True
Is 3063817 composite?
False
Is 4730723 a prime number?
True
Is 156309437 composite?
False
Is 26570287 prime?
True
Is 3205331 composite?
False
Is 15304507 a prime number?
True
Is 138462457 composite?
True
Is 8498767 prime?
False
Is 22580609 prime?
True
Is 61317941 a composite number?
False
Is 17892481 a prime number?
True
Is 10380451 prime?
True
Is 52224683 a composite number?
True
Is 280871429 a prime number?
True
Is 472907 a prime number?
True
Is 963569 a composite number?
True
Is 5929523 prime?
True
Is 20920715 a composite number?
True
Is 2049919 a prime number?
True
Is 1188037 a composite number?
False
Is 723840857 a composite number?
False
Is 32998319 a prime number?
True
Is 4358641 prime?
False
Is 6033491 